 hundred thousands digit of 1711891527?
8
What is the hundred millions digit of 1300382283?
3
What is the millions digit of 17462423?
7
What is the hundred millions digit of 1078720842?
0
What is the hundred thousands digit of 2132452358?
4
What is the ten millions digit of 6880396877?
8
What is the millions digit of 4275851281?
5
What is the units digit of 685069944?
4
What is the millions digit of 42783992?
2
What is the thousands digit of 59347611?
7
What is the thousands digit of 123524415?
4
What is the ten thousands digit of 617838512?
3
What is the millions digit of 413736758?
3
What is the millions digit of 46478860?
6
What is the ten thousands digit of 1589722493?
2
What is the hundreds digit of 158664?
6
What is the tens digit of 1359530?
3
What is the units digit of 174695187?
7
What is the ten millions digit of 5416919328?
1
What is the ten thousands digit of 223089126?
8
What is the hundreds digit of 715906827?
8
What is the millions digit of 366098600?
6
What is the ten millions digit of 30029785?
3
What is the tens digit of 269694627?
2
What is the hundred millions digit of 5305195114?
3
What is the ten thousands digit of 2322813166?
1
What is the units digit of 274897752?
2
What is the hundreds digit of 161658065?
0
What is the hundreds digit of 936766757?
7
What is the hundreds digit of 39895424?
4
What is the millions digit of 43034290?
3
What is the ten thousands digit of 176592649?
9
What is the tens digit of 13428426?
2
What is the hundreds digit of 118338715?
7
What is the ten millions digit of 103750686?
0
What is the thousands digit of 92078009?
8
What is the millions digit of 1751482?
1
What is the tens digit of 3357859957?
5
What is the ten thousands digit of 1272280900?
8
What is the ten millions digit of 51840307?
5
What is the tens digit of 121167564?
6
What is the hundred millions digit of 810142988?
8
What is the thousands digit of 291191672?
1
What is the hundred millions digit of 197223409?
1
What is the ten millions digit of 46227242?
4
What is the thousands digit of 238136855?
6
What is the billions digit of 4623280075?
4
What is the hundred thousands digit of 416202702?
2
What is the units digit of 5698950287?
7
What is the hundreds digit of 247350056?
0
What is the ten thousands digit of 21163965?
6
What is the thousands digit of 25528837?
8
What is the hundreds digit of 616874136?
1
What is the ten millions digit of 290349892?
9
What is the tens digit of 38534001?
0
What is the hundreds digit of 667415667?
6
What is the ten thousands digit of 42941?
4
What is the hundreds digit of 2949346551?
5
What is the ten millions digit of 622694816?
2
What is the hundreds digit of 8927716?
7
What is the hundred thousands digit of 114860517?
8
What is the millions digit of 463822416?
3
What is the hundred millions digit of 2345712314?
3
What is the hundred thousands digit of 76583158?
5
What is the hundreds digit of 4167668541?
5
What is the tens digit of 45301080?
8
What is the tens digit of 1196545607?
0
What is the millions digit of 359919723?
9
What is the ten thousands digit of 35249325?
4
What is the hundreds digit of 36161098?
0
What is the hundreds digit of 3993595031?
0
What is the tens digit of 750483058?
5
What is the tens digit of 29691856?
5
What is the hundred thousands digit of 338783586?
7
What is the thousands digit of 56356689?
6
What is the tens digit of 1259403?
0
What is the thousands digit of 2654036?
4
What is the ten millions digit of 2752632394?
5
What is the millions digit of 25586219?
5
What is the thousands digit of 374692992?
2
What is the thousands digit of 1801221036?
1
What is the thousands digit of 1686476320?
6
What is the thousands digit of 4542777?
2
What is the hundred thousands digit of 23187442?
1
What is the units digit of 872114035?
5
What is the units digit of 92828156?
6
What is the units digit of 82152520?
0
What is the hundreds digit of 1036841326?
3
What is the units digit of 69953807?
7
What is the millions digit of 124374845?
4
What is the millions digit of 22534324?
2
What is the thousands digit of 1136209034?
9
What is the hundreds digit of 16273568?
5
What is the tens digit of 18719203?
0
What is the tens digit of 125877581?
8
What is the units digit of 2925058253?
3
What is the ten millions digit of 3227900435?
2
What is the hundred thousands digit of 800442495?
4
What is the ten thousands digit of 322237297?
3
What is the hundreds digit of 3782507389?
3
What is the millions digit of 473220078?
3
What is the ten millions digit of 115296307?
1
What is the tens digit of 3566464907?
0
What is the hundreds digit of 130000700?
7
What is the ten millions digit of 519620466?
1
What is the billions digit of 5381813999?
5
What is the thousands digit of 122700616?
0
What is the ten thousands digit of 169491912?
9
What is the millions digit of 2353968609?
3
What is the billions digit of 6579375941?
6
What is the tens digit of 366989265?
6
What is the ten thousands digit of 24760578?
6
What is the hundred millions digit of 1059563706?
0
What is the hundreds digit of 361307779?
7
What is the millions digit of 51220620?
1
What is the tens digit of 2102055149?
4
What is the hundred thousands digit of 1180797?
1
What is the millions digit of 1106889832?
6
What is the ten thousands digit of 14033417?
3
What is the hundred millions digit of 320602927?
3
What is the tens digit of 1052649583?
8
What is the tens digit of 6773940943?
4
What is the hundred thousands digit of 1407953641?
9
What is the ten thousands digit of 33886794?
8
What is the hundred millions digit of 2488939129?
4
What is the ten millions digit of 17826110?
1
What is the millions digit of 2437935318?
7
What is the tens digit of 6995727241?
4
What is the units digit of 24882937?
7
What is the thousands digit of 39621932?
1
What is the millions digit of 388638382?
8
What is the millions digit of 2280526919?
0
What is the ten millions digit of 786286174?
8
What is the tens digit of 178174059?
5
What is the ten thousands digit of 200053023?
5
What is the hundreds digit of 3112646?
6
What is the hundreds digit of 74907036?
0
What is the ten thousands digit of 207297275?
9
What is the hundreds digit of 141951232?
2
What is the thousands digit of 6026799102?
9
What is the ten millions digit of 4498628161?
9
What is the ten millions digit of 793141953?
9
What is the ten thousands digit of 6129783657?
8
What is the tens digit of 45989919?
1
What is the tens digit of 377866533?
3
What is the tens digit of 1713787573?
7
What is the millions digit of 5712910?
5
What is the ten thousands digit of 567122447?
2
What is the tens digit of 5476993875?
7
What is the ten millions digit of 76248310?
7
What is the units digit of 45974021?
1
What is the thousands digit of 2459432198?
2
What is the tens digit of 1686033502?
0
What is the hundred thousands digit of 182232212?
2
What is the ten thousands digit of 549459683?
5
What is the thousands digit of 17312670?
2
What is the thousands digit of 4038882?
8
What is the hundred millions digit of 3487205057?
4
What is the hundred thousands digit of 3217174966?
1
What is the millions digit of 37846161?
7
What is the hundred millions digit of 1529184366?
5
What is the hundred millions digit of 244975696?
2
What is the ten millions digit of 57919108?
5
What is the ten thousands digit of 1173036876?
3
What is the billions digit of 3615175713?
3
What is the units digit of 694930970?
0
What is the hundred millions digit of 116882063?
1
What is the hundreds digit of 99274841?
8
What is the units digit of 1988592880?
0
What is the billions digit of 3264474473?
3
What is the thousands digit of 346036124?
6
What is the ten thousands digit of 653294842?
9
What is the ten thousands digit of 2621774638?
7
What is the tens digit of 105558245?
4
What is the millions digit of 15504087?
5
What is the tens digit of 2288280046?
4
What is the ten millions digit of 568119669?
6
What is the billions digit of 2565957535?
2
What is the thousands digit of 121217659?
7
What is the hundreds digit of 4165187303?
3
What is the hundred thousands digit of 30958081?
9
What is the thousands digit of 11590457?
0
What is the thousands digit of 2452859896?
9
What is the ten thousands digit of 88931254?
3
What is the ten tho